1*o + 3053. Let c be h(-4). Calculate the greatest common factor of c and 94.
47
Let i(y) = 9*y**2 - 14*y - 78. Let f be i(-5). Calculate the highest common factor of f and 1581.
31
Let m = 7587 - 7379. What is the greatest common factor of m and 52?
52
Suppose 0 = -16*w + 12*w + 12, -3*g = -2*w - 378. Calculate the greatest common divisor of 8 and g.
8
Let y be (-9)/(-6)*(23 - 21). Suppose 4*c = -3*q + 5, 1 = 2*c + y. Suppose -3*t - 10 = -55. Calculate the greatest common divisor of t and q.
3
Let y be (870/(-5))/(-5 - -7). Let c(m) = m**3 + 9*m**2 - 4*m - 9. Let g be c(-7). Let n = y + g. Calculate the highest common divisor of 135 and n.
15
Suppose -62*h + 77*h - 750 = 0. Calculate the greatest common factor of 47 and h.
1
Let q(z) = -z**2 + 15*z - 11. Let j be q(14). Suppose -j*t + 2 = -4. Suppose u = t*u - 11. Calculate the greatest common factor of 1 and u.
1
Let u = 3114 + -2841. Calculate the greatest common divisor of 91 and u.
91
Let r(d) = -42*d - 3. Let b be r(-2). Suppose 315 = 8*u + 99. Calculate the greatest common divisor of b and u.
27
Suppose -4*w = -2*u + 144, 45*w = 40*w - 20. What is the greatest common factor of u and 1008?
16
Suppose -4*k = -472 - 12. Let z = 129 - k. Calculate the greatest common divisor of z and 64.
8
Suppose -4*a - o + 332 = 0, 2*a + 5*o - 8*o = 180. What is the highest common factor of a and 210?
42
Let g(z) = -17*z - 234. Let n be g(-10). Let v = 44 + 30. Let a = v + n. Calculate the highest common divisor of a and 30.
10
Suppose -60782 = -54*y + 1525576. Calculate the greatest common divisor of 29 and y.
29
Let i be -1*33*(-3)/(-9). Let p be (-1 + 0)/(i/44). Suppose -p*b + 99 = 5*b. Calculate the greatest common factor of 11 and b.
11
Let y be (1 + -17)/(-4) + 2/1. Suppose y*i - 121 = 71. Suppose 671 = 3*n - z, 3*n + 2*z + z = 675. What is the greatest common divisor of n and i?
32
Suppose 5*c - 11 = -2*k, -9*c = -4*k - 8*c - 11. Let p be k/9 + (-83272)/(-504). Let r be (32 - 1) + (2 - 0). What is the highest common factor of r and p?
33
Let a(r) = 139*r**2 - 4*r + 1. Let l be a(-1). Suppose 2*p + 52 = l. What is the highest common factor of p and 23?
23
Suppose 387*x - 3270628 = 425996. What is the greatest common factor of x and 12?
12
Let b = 19940 + -19859. Calculate the greatest common factor of b and 516.
3
Let b = -2127 + 4602. Calculate the greatest common divisor of 297 and b.
99
Let l = 949 - 717. What is the greatest common factor of 87 and l?
29
Let t(w) = -9*w**2 + 7*w - 33. Let l be t(4). Let p = 54 - l. Calculate the greatest common factor of p and 87.
29
Suppose 20*t - 67642 - 67870 = 64688. Calculate the highest common factor of 30 and t.
10
Suppose 3*q = 18*h + 744, 5*h + 1140 = -18*q + 23*q. Let d(c) = -c**2 - 8*c + 2. Let i be d(-6). Calculate the greatest common divisor of i and q.
14
Let t = 191 + -111. Let i be (-2 + -4)/((-3)/(3/2)). Suppose -z + 84 = 5*h, -3*z + 2*z = -i*h + 44. Calculate the highest common divisor of h and t.
16
Let w = -13011 - -13071. What is the greatest common factor of w and 14580?
60
Let n = -36 + 50. Let f(w) = -11*w**3 + 6*w**2 + w - 2. Let v be f(-3). Let j = v + -339. What is the highest common factor of j and n?
7
Let d be (88/(-3))/((-428913)/28593 - -15). Calculate the highest common factor of 11 and d.
11
Let n(u) = 20*u**2 - 20*u + 16. Let w be n(5). Let o = w - 229. What is the greatest common divisor of o and 22?
11
Let x(k) = -39*k**2 - 4*k + 7. Let f be x(3). Let s = 368 + f. Suppose m + 240 = 6*m. Calculate the highest common factor of m and s.
12
Suppose -4519 = -26*r + 4061. Calculate the greatest common factor of 14 and r.
2
Suppose 3*p = -3*z - 159, 0*z = 4*p - 4*z + 236. Let m = -52 - p. Suppose 61 = -m*v + 241. Calculate the highest common factor of v and 60.
15
Let o = -48 + 114. Let f(n) = -n**3 - 128*n**2 + 255*n - 648. Let i be f(-130). What is the greatest common divisor of o and i?
2
Let p(b) = -8*b + 1. Let r be p(-1). Let m(a) = -3*a - 1. Let i be m(-1). Let v be (82 - 0) + (i - 3). Calculate the highest common factor of r and v.
9
Let w = 86 - 223. Let d = 159 + w. Let l(c) = -c**3 + 3*c**2 - c. Let n be l(2). Calculate the greatest common factor of n and d.
2
Let z(f) = 11*f + 5. Let p(o) = 30*o + 16. Let a(y) = 5*p(y) - 14*z(y). Let m be a(-13). What is the highest common divisor of 992 and m?
62
Let m = -12945 + 12947. Calculate the highest common divisor of 1930 and m.
2
Suppose 5*a - 169*v - 1105 = -164*v, 0 = -4*v + 12. Calculate the highest common divisor of a and 128.
32
Let b(i) = 411*i - 316. Let j be b(3). Calculate the greatest common divisor of j and 49.
7
Suppose -2*r - 80*k + 596 = -83*k, -2*k = 4*r - 1144. Let i = 61 - 27. What is the highest common factor of i and r?
17
Let g(l) = l**3 + 53*l**2 + 61*l + 548. Let a be g(-52). Calculate the highest common factor of a and 56.
8
Let j = 14442 + -13551. What is the highest common divisor of j and 825?
33
Suppose 35*x = 23*x + 252. Let z(s) = -s**3 + 12*s**2 + 2*s + 16. Let b be z(12). Suppose -b = -2*d + 44. What is the greatest common divisor of d and x?
21
Let g = 13569 + -12942. Calculate the greatest common factor of g and 1089.
33
Suppose -423 = -3*r + 3*o, -146*r - 4*o - 420 = -149*r. What is the greatest common divisor of 2916 and r?
36
Suppose 159*m + 3788 = 91*m + 56148. What is the highest common factor of m and 21?
7
Let z(y) = 3*y**2 + 8*y. Let x be z(-10). What is the greatest common factor of x and 99?
11
Let g(c) = -83*c - 6. Let p(o) = 166*o + 10. Let y(u) = -7*g(u) - 4*p(u). Let f be y(-2). What is the highest common divisor of f and 56?
56
Suppose -15 = 5*x - 40. Let r(v) = 8*v**2 - 13*v + 9. Let o be r(x). Calculate the highest common factor of o and 27.
9
Suppose 357 = 5*t - 9*l + 5*l, -3*l - 354 = -5*t. Calculate the greatest common factor of t and 96.
3
Suppose -4*b + 3*i = -9*b + 2112, -3*b + 4*i = -1273. Let q(a) = -3*a**2 + 58*a - 250. Let s be q(7). Calculate the highest common divisor of s and b.
9
Suppose -2*h - h + 3978 = 0. Suppose -44*c + 22 = -42*c - 2*y, 46 = 2*c + 2*y. What is the highest common factor of h and c?
17
Let w(h) = 39*h - 109. Let r(x) = -39*x + 107. Let g(s) = -7*r(s) - 6*w(s). Let b be g(17). What is the greatest common factor of 71 and b?
71
Let p be (8/(-4))/(2/22). Let x = p - -13. Let y be x*3*2/(-18). Calculate the highest common divisor of 27 and y.
3
Let q = 7175 + -6531. Calculate the highest common factor of q and 414.
46
Let i = 16520 - 16512. Suppose f - 225 = 111. What is the greatest common factor of i and f?
8
Let w(q) = 22*q**2 + 1. Let c be w(-1). Suppose 418*p - 11637 = 27097 + 9336. Calculate the greatest common factor of c and p.
23
Suppose 5*j + 3*x - 1887 = 0, -21*j + 3*x - 375 = -22*j. What is the greatest common divisor of j and 294?
42
Let q = 23340 + -12984. Let v be 18/24 - q/(-16). Calculate the greatest common factor of v and 24.
24
Let f(p) = -3*p**2 + 4*p + 12. Let b be f(10). Let c = b - -273. Calculate the highest common divisor of c and 275.
25
Let z be (-1)/(-1 + -4 - (4 - 15908/1768)). Calculate the greatest common factor of 156 and z.
26
Suppose 5*z - 3*a = z + 172, 5*z + 4*a = 184. Let l(d) = 2*d**2 - 46*d. Let n be l(25). What is the greatest common factor of z and n?
20
Let m be (1700/(-6))/((-4)/28 + (-256)/(-1890)). Calculate the highest common divisor of 204 and m.
102
Let r(p) = 1343*p - 477. Let i be r(4). Calculate the highest common factor of i and 275.
55
Let x be 50*(-3 - (-4 - 1)). Let b = x + 32. What is the greatest common factor of b and 12?
12
Suppose 4*p - 727 = -3*j - 3133, p - j = -605. Let d = -363 - p. Suppose 69 = -4*o + 189. Calculate the greatest common divisor of d and o.
30
Let q = -36 + 39. Let p = q + 13. Calculate the greatest common divisor of p and 32.
16
Let j be 7*(-7 - -30 - 5). What is the greatest common factor of 14 and j?
14
Suppose 0 = -8*t + t - 49*t + 7280. What is the highest common divisor of t and 2522?
26
Let v(b) = 44*b**2 - 2*b - 1. Let p be v(-1). Let f(z) = 29*z**2 - 9537*z - 1211. Let y be f(329). Calculate the highest common factor of p and y.
15
Let p = 21177 + -21168. Let u be 772/(6/3) + 1. What is the highest common divisor of u and p?
9
Let q = -13550 - -13625. Calculate the highest common factor of q and 8775.
75
